3/3 + v**2. Let j be 120/(-16) - 6/4. What is the tens digit of p(j)?
6
Let q = -1 + 4. Let z be 1*3*67/3. Suppose -d + 65 = 3*k - 5*d, -q*k + 2*d = -z. What is the units digit of k?
3
Let i = 58 + -40. Suppose z - i = -3*v, 0*z + 5*z + v = 62. What is the units digit of z?
2
Let x(l) = l + 5. Let g be x(-2). Suppose 0 = g*q + 2*q - 300. What is the tens digit of q?
6
Let h = 47 + -27. Suppose -4 = -4*a + h. What is the tens digit of 3/a - 93/(-6)?
1
Let q(a) = a**3 + 4*a**2 - 7*a - 7. Let o be q(-5). Suppose 2*x - 55 = -4*j + j, 4*j = -o*x + 72. Let f = 30 - j. What is the units digit of f?
9
Let p = 0 + -4. What is the tens digit of p - (0 + 3 + -69)?
6
Let j(s) = s - 4. Let f be j(8). Suppose 0 = -4*p + 12, -f*p = -2*t + t + 8. What is the units digit of (-1 + 3)*110/t?
1
Let f(s) = 3*s - 1. Suppose 8*u - 32 = -0*u. What is the units digit of f(u)?
1
Let b(c) = 27*c**2 + 11*c - 7. What is the thousands digit of b(-10)?
2
Suppose 2*x = 4*x - 202. What is the tens digit of x?
0
Suppose -5*o = 4*l - 147, -2*o + 41 = 4*l - 25. What is the tens digit of o?
2
Suppose 1 = 3*o + 10. Let d be (-12)/(-10)*(-10)/o. Suppose -c = d*c - 200. What is the units digit of c?
0
Suppose -4*q - 55 = -x, 4*x + 3*q + 0*q - 315 = 0. Suppose 5*i - 580 = 5*j - x, -416 = -4*i + j. What is the tens digit of i?
0
Suppose -4*l + 2 = 2*k - 2, 0 = -5*l - 4*k + 8. What is the units digit of 0 + -1 + 149 + l?
8
Let k be -2 - 28/(3 - 2). Suppose 28 = -0*q - 2*q + 2*g, 2*q = 4*g - 30. Let r = q - k. What is the units digit of r?
7
Suppose 0 = -12*a + 674 - 14. What is the units digit of a?
5
Let s be 11 + -10 - 1*9. Let b be (-3)/12 - 410/s. Suppose 3*n = 3*p + b, -121 = -4*n - 2*p - 41. What is the tens digit of n?
1
Let r(j) = 10*j**2 - 365. What is the thousands digit of r(-18)?
2
Suppose 5 - 14 = -3*b. Let s be (-2 + b)/((-2)/58). What is the tens digit of s/(-2) + 1/2?
1
Suppose -1 = 2*k - 5*o, -2*k + 8 = 3*o + o. Suppose -k*c - a + 282 = -101, -2*a = 6. What is the units digit of c?
3
Suppose -1084 - 2226 = -2*b. What is the units digit of b?
5
Suppose -2*l - 23 = -3*h, -l - h + 4*h = 19. What is the units digit of (-1335)/(-25) - l/(-10)?
3
Let f(s) = 2*s**3 - 78*s**2 - 44*s - 123. What is the units digit of f(41)?
7
Let l(y) = 4*y**2 - 30*y + 37. What is the units digit of l(12)?
3
Let d be (-18)/36 + (-10)/(-4). Suppose 0 = 3*c - q + 4*q - 63, -d*c = -4*q - 48. What is the units digit of (-888)/(-44) - 4/c?
0
Suppose 2*r - 10 = -0*o + 2*o, 3*r - 14 = 4*o. Let k(g) = -499*g**2 - g**3 + 8*g + 997*g**2 + 5 - 493*g**2. What is the units digit of k(r)?
7
Let o(v) = -5*v**3 - 3*v - 2*v**2 + 6*v**2 - 7*v**2 - 4. Let w be o(-3). Suppose 0 = -4*g - 3*i + 156, 0 = 5*g + 2*i - w - 75. What is the units digit of g?
6
Let d be 8/2 + 1 + -1. Suppose -d*x + 5*i = -11, 3*x - x - i = 1. What is the tens digit of (-2)/(0 + x) + 33?
3
Let z(y) = -5*y**2 - 4*y - 1. Let g be z(-5). Let p = -65 - g. What is the units digit of p?
1
Let r = 54 - 52. Let q = 3 + 2. Suppose q*b - 33 = r*b. What is the tens digit of b?
1
Let g = -394 - -680. Suppose -3*m + 339 = 2*m + 3*r, -g = -4*m + 5*r. Let h = m - 37. What is the units digit of h?
2
Suppose -4*p + 11 = 39. Let o = p - -10. Suppose 3*w - 34 = 3*i + 29, w - 9 = -o*i. What is the units digit of w?
8
Let z(q) = 2*q**2 + 4*q + 7. Let d be z(-5). Suppose -5*y + d = 4*m, 6*y - 41 = y - 2*m. What is the units digit of y?
9
What is the tens digit of (-10398)/(-2 - 0) - (-98 - -105)?
9
Suppose 0 = -3*f - 4 + 4. Suppose f = -2*l + g + 279, -3*l - 4*g + 456 = 10. What is the units digit of l?
2
Let i = -20 - -30. What is the units digit of 1656/i + (-8)/(-20)?
6
Let d(c) = 10*c**2 - 2*c - 1. Let m(k) be the second derivative of k**4/12 + 3*k. Let h(i) = d(i) - 5*m(i). What is the units digit of h(-2)?
3
Let w be (-1141)/(-77) - (-4)/22. Suppose -w = -f + 37. Suppose -5*p + f = -68. What is the tens digit of p?
2
Suppose -27*d + 2*w - 7274 = -32*d, -3*d + 4358 = -2*w. What is the hundreds digit of d?
4
Suppose -22 = -3*v - 10, 0 = -4*x + 4*v + 2544. What is the hundreds digit of x?
6
Let h = 1480 - 901. Let u = h - 317. What is the hundreds digit of u?
2
Let h(p) = -p**3 + 5*p**2 - 5*p + 5. Let a be h(7). Let l = a + 224. What is the units digit of l?
6
Suppose 33685 + 22280 = 41*q. What is the thousands digit of q?
1
Let k be (-1)/(-4) - 70/(-8). Let q = 12 - k. Suppose -3*j + q = -0*j. What is the units digit of j?
1
Let v be (4/(-7))/((-18)/189). Suppose -5*x = -v*x + 53. What is the tens digit of x?
5
Let c = 19 - 10. Suppose c = 3*n - 66. Suppose q - n = -4*q - 3*a, -4*a + 4 = 3*q. What is the units digit of q?
8
Suppose -2*d = -4*c - 1766, d + 19*c - 20*c = 883. What is the tens digit of d?
8
Suppose 10*z + 5 - 65 = 0. Suppose -7*r + z*r = -193. What is the tens digit of r?
9
Suppose -10*v + 9*v + 165 = 0. Suppose 4*h = -h + v. What is the tens digit of h?
3
Let z = 2596 + -1799. What is the hundreds digit of z?
7
Suppose -6*d + d = 30. What is the tens digit of (-342)/(-12) + 3/d?
2
Let p = 213 - 97. What is the units digit of p?
6
Let y = -19 - -17. Let s be y/(-6)*(-4 - 137). Let l = s + 109. What is the tens digit of l?
6
Suppose 0 = 3*z + 3*z - 18. Suppose -z*p + 10 = -212. What is the tens digit of p?
7
Let p(h) = -19*h**3 - 3*h**2 + 2*h - 5. What is the hundreds digit of p(-3)?
4
Let t(h) be the second derivative of -7*h**6/720 - h**5/120 - 2*h**4/3 - 6*h. Let x(r) be the third derivative of t(r). What is the tens digit of x(-3)?
2
Let k = -10 + 136. Suppose 2*n + n = k. Suppose -226 = -4*c - n. What is the units digit of c?
6
Suppose 5*q = -4*b + 4*q + 41, -4*b - 3*q = -35. Suppose 2*u = b*u - 477. What is the units digit of u?
3
Let m(t) = -t**3 + t**2 + 13*t - 28. What is the units digit of m(-7)?
3
Let u(c) = c + 10. Suppose 0 = -4*n - 2*v - 22, -2*v - 10 = n - 6*v. Let g be u(n). Suppose -4 = g*t - 4*f + 4, 0 = 2*t - 3*f + 7. What is the units digit of t?
1
Let f = -52 - -53. What is the hundreds digit of (247 + f)/(1 + 1)?
1
Let n = 2236 - 1206. What is the hundreds digit of n?
0
Let o(m) = m**3 + 4*m**2 + 3. Let q be o(-4). Let j(i) = -i - 9. Let k be j(-9). Suppose -f + k*f = -q. What is the units digit of f?
3
Let a(b) = 4*b**3 - 4*b**2 + 5*b - 5. Let u be 11/6 + 6/36. What is the units digit of a(u)?
1
Suppose -4*a - 3*s = -5010, -2 = -16*s + 17*s. What is the units digit of a?
4
Let f(b) = b**3 + 3*b**2 + 23*b - 85. What is the hundreds digit of f(13)?
9
Suppose 0 = 2*q - q - 4. Let d be 14/q - 5/10. Suppose d*f = 2*s - 14, 0 = s + 5*f - 2*f - 16. What is the tens digit of s?
1
What is the units digit of (-92 + 7)/(4 + -7 + 2)?
5
Let d = 850 - 584. What is the tens digit of d?
6
Suppose 4*i - 20 = -0. Suppose i*b - 6 = -1, 0 = 5*q - 4*b - 216. What is the units digit of q?
4
Suppose 14 = -2*j + 4, -5*j = 5*w - 10110. What is the hundreds digit of w?
0
Let m(q) = -2*q + 4*q**2 + 10 - 5*q**2 + 6 + q. Let u be m(0). Let i = 20 + u. What is the units digit of i?
6
Let o(v) be the first derivative of v**4/24 + v**3/6 + 3*v**2/2 + 5. Let i(d) be the second derivative of o(d). What is the units digit of i(8)?
9
Let v be -72 - (2 - 1) - (13 - 11). Let f = -36 - v. What is the units digit of f?
9
Let f(d) = -d - 5 + 2*d + 16. Let k be f(-8). Suppose 30 = k*o - 18. What is the units digit of o?
6
Suppose -5*p + t - 10 = 0, -4*p - 3*t + 0*t - 27 = 0. What is the tens digit of (-22)/(1*-3*(-1)/p)?
2
Let z(u) = -u**3 + 5*u**2 + 6*u - 8. Let p be z(6). Let r(o) = 2*o + 3*o**2 - 5*o**2 + 3*o**2 - 10. What is the tens digit of r(p)?
3
Let v = -1 + 1. Let g = 660 - 661. What is the tens digit of (-1 - v)*(-58 + g)?
5
Suppose 0 = 8*o - 2 - 14. Suppose -n + 1 = -0*n, -o*a = 2*n - 14. What is the units digit of a?
6
Suppose 0 = -2*i - 127 - 7. Let l = -37 - i. What is the units digit of l?
0
Let f(d) = 2*d + 120. What is the tens digit of f(-29)?
6
Let m be ((-3)/(-2))/(2*1/1780). Suppose 111*j - m = 106*j. What is the units digit of j?
7
Suppose 5*n + 116 = 6*n. Suppose 2*r = -3*a + 36, -n = -3*r - 2*r - a. Let z = 40 - r. What is the tens digit of z?
1
Suppose -a + 3*w - 8 = 0, -4*a + 0*a + 5*w + 3 = 0. Let k(v) = a + v**3 + 5*v**2 + 4*v**2 - 20 - 14*v. What is the tens digit of k(-10)?
2
Let g be -5*(-6)/10 + -4. Let u(n) = -137*n**3 - n. W